*i**3 - 37*i**2 + 111*i - 95. Give l(15).
-5
Let m(a) = 1394*a**2 + 2788*a - 6. What is m(-2)?
-6
Let b(g) = 70*g - 3434. Give b(49).
-4
Let k(h) = 3*h**3 + 30*h**2 - 4*h - 8. Determine k(-8).
408
Let o(u) = -66*u + 6205. Give o(94).
1
Let i(q) = q**3 + 166*q**2 + 280*q - 7890. Give i(-164).
-18
Let d(p) = -218*p + 8025. Determine d(37).
-41
Let w(r) = -603*r - 7217. What is w(-12)?
19
Let m(v) = -v**3 - 12*v**2 + 486*v + 127. What is m(17)?
8
Let v(b) = 48*b + 157. Calculate v(5).
397
Let w(k) = 7*k**3 + 30*k**2 - 4*k + 11. Determine w(-5).
-94
Let q(m) = -m**2 - 29*m + 49. Calculate q(-30).
19
Let i(l) = -4*l**2 + 14*l - 31. Determine i(7).
-129
Let z(x) = 15*x**2 + 3*x - 3. Give z(-1).
9
Let k(f) = -f**2 + 63*f - 928. Calculate k(31).
64
Let t(x) = 127*x**2 - 11305*x + 201. Give t(89).
23
Let d(k) = -158*k - 482. Give d(-3).
-8
Let y(t) = t**3 + 267*t**2 + 185*t - 21550. Calculate y(-266).
-4
Let j(s) = -80*s + 4157. Give j(52).
-3
Let p(l) = l**3 + 46*l**2 + 46*l + 29. Give p(-45).
-16
Let g(o) = 3*o**2 + 122*o - 34. Give g(-42).
134
Let m(v) = 163*v - 10769. Calculate m(66).
-11
Let s(x) = 15992*x + 175912. Give s(-11).
0
Let h(v) = v**2 + 10*v - 434. Give h(12).
-170
Let p(z) = 36*z**2 + 344*z + 179. Determine p(-9).
-1
Let p(f) = f**2 - 9*f - 478. Determine p(26).
-36
Let h(z) = -z**3 + 14*z**2 - 50*z + 19. Determine h(6).
7
Let v(d) = -3*d**2 + 9*d + 194. Give v(-5).
74
Let v(f) = -91*f - 1459. Give v(-16).
-3
Let b(z) = z - 63. Calculate b(56).
-7
Let k(w) = -250*w - 1747. Calculate k(-7).
3
Let o(p) = -p**2 + 344*p - 3031. Determine o(9).
-16
Let k(h) = -59*h - 2353. Give k(-40).
7
Let v(a) = a**2 + 511*a + 6002. What is v(-12)?
14
Let u(b) = 56*b**2 + 1157*b - 403. What is u(-21)?
-4
Let w(v) = 77*v - 5253. Give w(68).
-17
Let k(r) = -111*r + 3342. What is k(30)?
12
Let h(k) = -214*k**2 - 861*k + 2. Calculate h(-4).
22
Let o(a) = 241*a + 1857. Determine o(-8).
-71
Let n(f) = -27*f - 1113. What is n(-41)?
-6
Let k(t) = 3*t**2 - 45*t + 229. Calculate k(24).
877
Let d(c) = 9*c**2 + 11*c + 69. Determine d(-8).
557
Let j(w) = -106*w + 222. Determine j(2).
10
Let b(z) = z**3 + 29*z**2 - 182*z - 414. Give b(-34).
-6
Let v(i) = i**2 + 44*i - 2833. Calculate v(37).
164
Let j(p) = -13*p**2 - 198*p - 498. Determine j(-12).
6
Let g(n) = -n**2 - 34*n - 287. What is g(-16)?
1
Let j(t) = t**3 + 35*t**2 + 141*t + 524. Calculate j(-31).
-3
Let z(k) = -k**3 + 9*k**2 - 521*k + 5283. What is z(10)?
-27
Let t(i) = -i**2 - 34*i - 296. What is t(-14)?
-16
Let c(j) = -33*j + 95. Calculate c(4).
-37
Let j(r) = -33*r**3 + 4*r**2 - r - 4. Give j(1).
-34
Let g(a) = 50*a + 571. Give g(-12).
-29
Let z(u) = -u**3 - 65*u**2 + 508*u + 297. Determine z(-72).
9
Let u(s) = -s**3 - 23*s**2 - 27*s - 92. Give u(-22).
18
Let i(s) = -37*s - 228. What is i(-7)?
31
Let c(n) = -2*n**3 + 2*n**2 + n - 2. Determine c(7).
-583
Let x(w) = 2669*w + 96094. Determine x(-36).
10
Let j(n) = n**3 + 18*n**2 - 2*n - 234. What is j(-4)?
-2
Let o(x) = 4*x - 23. Calculate o(-6).
-47
Let s(k) = 13*k**2 - 84*k. Calculate s(4).
-128
Let k(w) = -2*w**3 - w**2 + 4*w - 17. Calculate k(0).
-17
Let o(y) = -7*y**3 - 15*y**2 - 19*y + 73. Determine o(-3).
184
Let s(x) = 67*x - 10. Calculate s(-1).
-77
Let m(h) = -11*h**2 + 21*h + 46. What is m(0)?
46
Let i(t) = t**3 - 2*t**2 - 1078*t - 3199. Calculate i(-3).
-10
Let o(j) = j**3 + 36*j**2 + 56*j - 460. Calculate o(-34).
-52
Let y(p) = p**3 - 4*p**2 - 24*p + 91. Calculate y(4).
-5
Let f(l) = l**2 + 265*l + 7676. Determine f(-33).
20
Let f(z) = -3*z**3 + 114*z**2 + 1268*z + 61. Give f(47).
14
Let q(l) = 83*l + 1319. Determine q(-17).
-92
Let b(l) = -9*l**2 - 183*l - 20. What is b(-16)?
604
Let y(p) = 481*p**2 - 2879*p - 11. Give y(6).
31
Let t(p) = -743*p + 150092. Give t(202).
6
Let q(i) = i**3 - 43*i**2 - 530*i + 4. Determine q(53).
4
Let s(b) = -10*b**3 - 209*b**2 + 229*b - 19. Give s(1).
-9
Let v(l) = 6*l**2 + 208*l + 813. Calculate v(-30).
-27
Let p(z) = 2*z**3 + 17*z**2 - 7*z - 60. What is p(-7)?
136
Let j(n) = -76*n + 123. Determine j(5).
-257
Let a(u) = 43*u + 3920. What is a(-91)?
7
Let h(v) = -3*v + 31. Calculate h(9).
4
Let v(h) = -51*h - 38. Give v(-8).
370
Let o(t) = -4*t**2 + 146*t - 276. What is o(35)?
-66
Let j(d) = 39*d - 2301. Give j(59).
0
Let r(n) = 5*n**2 - 528*n - 773. Determine r(107).
-24
Let o(r) = -r**3 - 24*r**2 + 26*r + 180. Give o(-25).
155
Let g(d) = -38*d**2 + 911*d + 23. Determine g(24).
-1
Let g(k) = 332*k - 2031. Give g(6).
-39
Let d(q) = -q**3 + 26*q**2 + 135*q - 563. Determine d(30).
-113
Let t(y) = -15*y + 1180. Give t(78).
10
Let k(h) = -670*h + 6692. Determine k(10).
-8
Let c(z) = 170*z + 148. Give c(-1).
-22
Let r(a) = -19345*a + 7. What is r(0)?
7
Let h(c) = -3*c**3 + 27*c**2 - 90*c + 152. Determine h(5).
2
Let m(y) = -78*y**2 - 43*y - 207. What is m(-4)?
-1283
Let m(f) = -7*f**2 - 65*f + 18. What is m(-11)?
-114
Let i(q) = 5*q**3 + 23*q**2 - 72*q - 277. What is i(-3)?
11
Let p(f) = f**3 + 45*f**2 + 123*f - 3. What is p(-3)?
6
Let z(m) = 41*m + 697. Determine z(-21).
-164
Let g(i) = 53*i**2 + 4*i + 1. What is g(-1)?
50
Let u(r) = 5*r**2 - 18*r - 102. Determine u(-12).
834
Let n(p) = -182*p - 21482. Give n(-118).
-6
Let v(x) = -4*x**2 - 28*x - 15. What is v(-6)?
9
Let w(a) = a**3 - 8*a**2 - 22*a - 3. Determine w(-2).
1
Let m(p) = p**3 + 31*p**2 + 18*p - 6. Determine m(-30).
354
Let c(m) = 2*m**2 + 260*m + 249. Give c(-129).
-9
Let s(u) = -19*u**2 + 10*u - 10. Give s(3).
-151
Let g(b) = -38*b - 371. Give g(-15).
199
Let m(g) = g**2 + 95*g - 1665. Calculate m(-110).
-15
Let q(r) = -r**2 + 8*r + 56. Give q(22).
-252
Let y(v) = 30*v**2 + 154*v - 16. Determine y(-5).
-36
Let c(u) = u**2 - 14*u - 139. Determine c(19).
-44
Let j(k) = k**2 - 18*k - 165. Calculate j(26).
43
Let d(c) = -c**3 - 7*c**2 - 41*c - 118. What is d(-3)?
-31
Let c(p) = p**3 + 33*p**2 - 719*p + 44. Give c(-48).
-4
Let i(h) = 36*h**2 + 256*h + 40. Give i(-7).
12
Let x(o) = o + 7. What is x(35)?
42
Let o(f) = 116*f - 912. What is o(8)?
16
Let j(i) = 27*i + 281. What is j(0)?
281
Let d(h) = -2*h**2 + 15*h + 497. Give d(20).
-3
Let c(v) = -15*v + 77. What is c(-17)?
332
Let r(s) = -s**3 - 24*s**2 - 68*s - 1031. What is r(-23)?
4
Let w(y) = -67*y - 456. Determine w(-9).
147
Let b(y) = -16*y**3 + 1136*y**2 + 16*y - 1140. Calculate b(71).
-4
Let a(u) = -83*u**3 + u**2 + 6*u + 6. What is a(-1)?
84
Let w(o) = -7*o + 79. Give w(9).
16
Let a(u) = 3*u**2 - 63*u - 50. What is a(22)?
16
Let o(p) = -4*p**3 + 75*p**2 + 119*p - 386. Determine o(20).
-6
Let x(u) = 3*u**2 + 30*u + 18. What is x(-9)?
-9
Let g(n) = -22*n - 359. Give g(-21).
103
Let p(x) = 210*x + 826. Give p(-4).
-14
Let i(h) = 4*h**2 - 16*h - 20. Determine i(4).
-20
Let i(z) = -z**3 - 49*z**2 - 565*z + 766. Give i(-23).
7
Let o(f) = 12*f**2 + 51*f + 16. Calculate o(-4).
4
Let d(u) = -u**2 + 21*u - 78. Give d(5).
2
Let v(d) = -5*d**2 - 144*d + 284. What is v(-30)?
104
Let z(i) = -i**2 + 46*i - 142. Calculate z(43).
-13
Let d(f) = 2*f**2 - 98*f + 504. Give d(6).
-12
Let y(q) = -q**2 - 118*q - 3286. Determine y(-69).
95
Let c(y) = -2*y**3 - 9*y**2 + 17*y + 30. Determine c(-6).
36
Let o(f) = 181*f - 181. Give o(1).
0
Let k(m) = -3*m**3 - 3*m**2 + 4*m + 3. Give k(5).
-427
Let n(q) = -15*q**2 + 320*q + 17. Give n(21).
122
Let x(n) = -n**3 - 19*n**2 + 41*n + 43. Calculate x(-21).
64
Let m(w) = 109*w - 1842. What is m(17)?
11
Let x(n) = -4*n**3 + 59*n**2 + 11*n + 58. Determine x(15).
-2
Let q(m) = -812*m - 78765. Give q(-97).
-1
Let s(h) = 15*h - 476. Determine s(32).
4
Let z(g) = -17*g - 332. What is z(-19)?
-9
Let v(z) = -z**2 - 39*z + 1424. Calculate v(23).
-2
Let h(q) = 23*q**2 - 622*q + 29. What is h(27)?
2
Let m(b) = -b**3 + 7*b**2 - 128*b + 480. Give m(4).
16
Let i(g) = -99*g + 649. Determine i(7).
-44
Let m(i) = 2*i**3 + 9*i**2 - 30*i + 39. Give m(-7).
4
Let n(a) = -26*a**2 + 599*a + 49. Determine n(23).
72
Let h(c) = c**3 - 162*c**2 + 1223*c - 20. Give h(8).
-92
Let i(l) = 38*l**2 - 236*l + 13. Give i(6).
-35
Let y(h) = 3*h**2 + 99*h - 66. Determine y(-33).
-66
Let j(z) = -25*z - 537. Give j(-22).
13
Let r(b) = -24*b**2 - 329*b + 7. Give r(-14).
-91
Let o(u) = 256*u - 4852. What is o(19)?
12
Let a(x) = 6*x + 192. Give a(-42).
-60
Let o(y) = -2*y**3 + 2*y**2 - 1067*y - 1070. Give o(-1).
1
Let r(a) = 